{"id":10,"date":"2025-03-20T14:30:44","date_gmt":"2025-03-20T14:30:44","guid":{"rendered":"https:\/\/www.cloudbanking.net\/?page_id=10"},"modified":"2025-03-20T18:33:59","modified_gmt":"2025-03-20T18:33:59","slug":"portfolio","status":"publish","type":"page","link":"https:\/\/www.cloudbanking.net\/?page_id=10&lang=de","title":{"rendered":"Manifest"},"content":{"rendered":"\n<div class=\"wp-block-cover alignfull\" style=\"min-height:300px;aspect-ratio:unset;\"><span aria-hidden=\"true\" class=\"wp-block-cover__background has-nv-site-bg-background-color has-background-dim-100 has-background-dim\"><\/span><div class=\"wp-block-cover__inner-container is-layout-flow wp-block-cover-is-layout-flow\">\n<div class=\"wp-block-group\" style=\"padding-right:var(--wp--preset--spacing--30);padding-left:var(--wp--preset--spacing--30)\"><div class=\"wp-block-group__inner-container is-layout-flow wp-block-group-is-layout-flow\">\n<h1 class=\"wp-block-heading has-text-align-left has-neve-text-color-color has-text-color\">das cloudbanking-Manifest<\/h1>\n\n\n\n<p><strong>Banken waren gestern \u2013 die Zukunft geh\u00f6rt dir.<\/strong><\/p>\n\n\n\n<p>Warum lassen wir Institutionen \u00fcber unser Geld entscheiden, die es gar nicht besitzen? Warum akzeptieren wir Intransparenz, k\u00fcnstliche Geb\u00fchren und das Risiko, dass unser eigenes Geld gesperrt wird?<\/p>\n\n\n\n<p><strong>Cloudbanking ist die Antwort auf ein System, das l\u00e4ngst \u00fcberholt ist.<\/strong><\/p>\n\n\n\n<p>\ud83d\udccc <strong>Direkte Finanztransaktionen \u2013 ohne Banken<\/strong><br>\ud83d\udccc <strong>Peer-to-Peer-Kredite \u2013 fair und ohne Mittelsm\u00e4nner<\/strong><br>\ud83d\udccc <strong>Kryptow\u00e4hrungen &amp; Wallets \u2013 volle Kontrolle \u00fcber dein Verm\u00f6gen<\/strong><\/p>\n\n\n\n<p>Das Finanzsystem braucht keinen Neustart \u2013 <strong>es braucht eine Revolution<\/strong>.<\/p>\n\n\n\n<p>\ud83d\ude80 <strong>Erfahre, wie du Teil davon wirst:<\/strong><br>\ud83d\udc49 <strong>Lies das Cloudbanking-Manifest!<\/strong><\/p>\n<\/div><\/div>\n<\/div><\/div>\n\n\n<div\n\t\t\t\tid=\"hustle-embedded-id-1\"\n\t\t\t\tclass=\"hustle-ui hustle-inline hustle-palette--gray_slate hustle_module_id_1 module_id_1   hustle-size--custom\"\n\t\t\t\t\n\t\t\tdata-id=\"1\"\n\t\t\tdata-render-id=\"0\"\n\t\t\tdata-tracking=\"enabled\"\n\t\t\t\n\t\t\t\tdata-intro=\"no_animation\"\n\t\t\t\tdata-sub-type=\"shortcode\"\n\t\t\t\t\n\t\t\t\tstyle=\"opacity: 0;\"\n\t\t\t><div class=\"hustle-inline-content\"><div class=\"hustle-optin hustle-optin--default\"><div class=\"hustle-success\" data-close-delay=\"10000\" style=\"display: none;\"><span class=\"hustle-icon-check\" aria-hidden=\"true\"><\/span><div class=\"hustle-success-content\"><\/div><\/div><div class=\"hustle-layout\"><div class=\"hustle-main-wrapper\"><div class=\"hustle-layout-body\"><div class=\"hustle-layout-content hustle-layout-position--left\"><div class=\"hustle-content\"><div class=\"hustle-content-wrap\"><div class=\"hustle-group-title\"><span class=\"hustle-title\">Cloudbanking Manifest<\/span><span class=\"hustle-subtitle\">Warum Banken schon tot sind.<\/span><\/div><div class=\"hustle-group-content\"><h2>Das vollst\u00e4ndige Cloudbanking-Manifest \u2013 jetzt sichern!<\/h2>\n<p>Banken sind \u00fcberfl\u00fcssig. Sie existieren nur noch aus Tradition.<br \/>Doch was kommt danach? Wie sieht Finanzfreiheit wirklich aus?<\/p>\n<p>Erhalte das vollst\u00e4ndige Manifest als exklusives PDF und erfahre:<br \/>Warum Banken ihre Daseinsberechtigung verloren haben<br \/>Wie du dein Geld sicher und unabh\u00e4ngig verwalten kannst<br \/>Welche Alternativen f\u00fcr Zahlungen, Kredite &amp; Verm\u00f6gensaufbewahrung existieren<\/p>\n<\/div><\/div><\/div><\/div><form class=\"hustle-layout-form\" novalidate=\"novalidate\"><div class=\"hustle-form hustle-form-inline\"><div class=\"hustle-form-fields hustle-proximity-separated\"><div class=\"hustle-field hustle-field-required \"><label for=\"hustle-field-email-module-1\" id=\"hustle-field-email-module-1-label\" class=\"hustle-screen-reader\">Email<\/label><input id=\"hustle-field-email-module-1\" type=\"email\" class=\"hustle-input \" name=\"email\" value=\"\" aria-labelledby=\"hustle-field-email-module-1-label\" data-validate=\"1\" data-required-error=\"Email field is required.\" data-validation-error=\"Please enter a valid email.\" \/><span class=\"hustle-input-label\" aria-hidden=\"true\" style=\"flex-flow: row nowrap;\"><span>Enter your email address<\/span><\/span><\/div><button class=\"hustle-button hustle-button-submit \" aria-live=\"polite\" data-loading-text=\"Form is being submitted, please wait a bit.\"><span class=\"hustle-button-text\">Submit<\/span><span class=\"hustle-icon-loader hustle-loading-icon\" aria-hidden=\"true\"><\/span><\/button><\/div><\/div><input type=\"hidden\" name=\"hustle_module_id\" value=\"1\"><input type=\"hidden\" name=\"post_id\" value=\"0\"><input type=\"hidden\" name=\"hustle_sub_type\" value=\"shortcode\"><div class=\"hustle-error-message\" style=\"display: none;\" data-default-error=\"Something went wrong, please try again.\"><\/div><\/form><\/div><\/div><\/div><\/div><\/div><\/div>","protected":false},"excerpt":{"rendered":"","protected":false},"author":1,"featured_media":0,"parent":0,"menu_order":0,"comment_status":"closed","ping_status":"closed","template":"","meta":{"neve_meta_sidebar":"","neve_meta_container":"","neve_meta_enable_content_width":"on","neve_meta_content_width":100,"neve_meta_title_alignment":"","neve_meta_author_avatar":"","neve_post_elements_order":"","neve_meta_disable_header":"","neve_meta_disable_footer":"","neve_meta_disable_title":"on","footnotes":""},"class_list":["post-10","page","type-page","status-publish","hentry"],"_links":{"self":[{"href":"https:\/\/www.cloudbanking.net\/index.php?rest_route=\/wp\/v2\/pages\/10","targetHints":{"allow":["GET"]}}],"collection":[{"href":"https:\/\/www.cloudbanking.net\/index.php?rest_route=\/wp\/v2\/pages"}],"about":[{"href":"https:\/\/www.cloudbanking.net\/index.php?rest_route=\/wp\/v2\/types\/page"}],"author":[{"embeddable":true,"href":"https:\/\/www.cloudbanking.net\/index.php?rest_route=\/wp\/v2\/users\/1"}],"replies":[{"embeddable":true,"href":"https:\/\/www.cloudbanking.net\/index.php?rest_route=%2Fwp%2Fv2%2Fcomments&post=10"}],"version-history":[{"count":6,"href":"https:\/\/www.cloudbanking.net\/index.php?rest_route=\/wp\/v2\/pages\/10\/revisions"}],"predecessor-version":[{"id":82,"href":"https:\/\/www.cloudbanking.net\/index.php?rest_route=\/wp\/v2\/pages\/10\/revisions\/82"}],"wp:attachment":[{"href":"https:\/\/www.cloudbanking.net\/index.php?rest_route=%2Fwp%2Fv2%2Fmedia&parent=10"}],"curies":[{"name":"wp","href":"https:\/\/api.w.org\/{rel}","templated":true}]}}