{"id":89,"date":"2025-03-20T19:23:19","date_gmt":"2025-03-20T19:23:19","guid":{"rendered":"https:\/\/www.cloudbanking.net\/?page_id=89"},"modified":"2025-03-20T21:14:33","modified_gmt":"2025-03-20T21:14:33","slug":"startseite-english","status":"publish","type":"page","link":"https:\/\/www.cloudbanking.net\/","title":{"rendered":"Startseite &#8211; English"},"content":{"rendered":"\n<div class=\"wp-block-cover alignfull\" style=\"min-height:800px;aspect-ratio:unset;\"><span aria-hidden=\"true\" class=\"wp-block-cover__background has-background-dim-0 has-background-dim\"><\/span><img decoding=\"async\" class=\"wp-block-cover__image-background\" alt=\"\" src=\"https:\/\/www.cloudbanking.net\/wp-content\/themes\/neve\/assets\/img\/starter-content\/neve-hero-2.png\" style=\"object-position:50% 72%\" data-object-fit=\"cover\" data-object-position=\"50% 72%\"\/><div class=\"wp-block-cover__inner-container is-layout-flow wp-block-cover-is-layout-flow\">\n<div class=\"wp-block-columns are-vertically-aligned-center is-layout-flex wp-container-core-columns-is-layout-9d6595d7 wp-block-columns-is-layout-flex\">\n<div class=\"wp-block-column is-vertically-aligned-center is-layout-flow wp-block-column-is-layout-flow\" style=\"padding-right:var(--wp--preset--spacing--20);padding-left:var(--wp--preset--spacing--20);flex-basis:65%\">\n<div style=\"height:80px\" aria-hidden=\"true\" class=\"wp-block-spacer\"><\/div>\n\n\n\n<h1 class=\"wp-block-heading has-text-align-left has-nv-text-dark-bg-color has-text-color\">\u201eBanken sind tot. Sie wissen es nur noch nicht.\u201c<\/h1>\n\n\n\n<p class=\"has-text-align-left has-nv-text-dark-bg-color has-text-color\" style=\"font-size:17px\">Banken sind genauso \u00fcberholt wie M\u00fcnztelefone und Telefonb\u00fccher<\/p>\n\n\n\n<div class=\"wp-block-buttons is-horizontal is-content-justification-left is-layout-flex wp-container-core-buttons-is-layout-7e5fce0a wp-block-buttons-is-layout-flex\">\n<div class=\"wp-block-button is-style-primary\"><a class=\"wp-block-button__link has-text-color has-background has-link-color wp-element-button\" href=\"https:\/\/www.cloudbanking.net\/?page_id=11\" style=\"color:#0a2279;background-color:#ffffff\">die Grundlagen<\/a><\/div>\n\n\n\n<div class=\"wp-block-button is-style-secondary\"><a class=\"wp-block-button__link has-nv-text-dark-bg-color has-text-color has-link-color wp-element-button\" href=\"https:\/\/www.cloudbanking.net\/?page_id=10\">mehr erfahren<\/a><\/div>\n<\/div>\n\n\n\n<div style=\"height:100px\" aria-hidden=\"true\" class=\"wp-block-spacer\"><\/div>\n<\/div>\n\n\n\n<div class=\"wp-block-column is-vertically-aligned-center is-layout-flow wp-block-column-is-layout-flow\"><div class=\"wp-block-image is-style-rounded wp-duotone-002fa6-00b45d-1\">\n<figure class=\"aligncenter size-full is-resized\"><img loading=\"lazy\" decoding=\"async\" width=\"1024\" height=\"1792\" src=\"https:\/\/www.cloudbanking.net\/wp-content\/uploads\/2025\/03\/DALL\u00b7E-2025-03-20-19.58.11-A-modern-clean-digital-finance-concept-in-vertical-format-where-financial-symbols-such-as-Euro-E-Dollar-and-a-secure-wallet-rise-straight-up.webp\" alt=\"\" class=\"wp-image-86\" style=\"width:341px;height:auto\" srcset=\"https:\/\/www.cloudbanking.net\/wp-content\/uploads\/2025\/03\/DALL\u00b7E-2025-03-20-19.58.11-A-modern-clean-digital-finance-concept-in-vertical-format-where-financial-symbols-such-as-Euro-E-Dollar-and-a-secure-wallet-rise-straight-up.webp 1024w, https:\/\/www.cloudbanking.net\/wp-content\/uploads\/2025\/03\/DALL\u00b7E-2025-03-20-19.58.11-A-modern-clean-digital-finance-concept-in-vertical-format-where-financial-symbols-such-as-Euro-E-Dollar-and-a-secure-wallet-rise-straight-up-171x300.webp 171w, https:\/\/www.cloudbanking.net\/wp-content\/uploads\/2025\/03\/DALL\u00b7E-2025-03-20-19.58.11-A-modern-clean-digital-finance-concept-in-vertical-format-where-financial-symbols-such-as-Euro-E-Dollar-and-a-secure-wallet-rise-straight-up-585x1024.webp 585w, https:\/\/www.cloudbanking.net\/wp-content\/uploads\/2025\/03\/DALL\u00b7E-2025-03-20-19.58.11-A-modern-clean-digital-finance-concept-in-vertical-format-where-financial-symbols-such-as-Euro-E-Dollar-and-a-secure-wallet-rise-straight-up-768x1344.webp 768w, https:\/\/www.cloudbanking.net\/wp-content\/uploads\/2025\/03\/DALL\u00b7E-2025-03-20-19.58.11-A-modern-clean-digital-finance-concept-in-vertical-format-where-financial-symbols-such-as-Euro-E-Dollar-and-a-secure-wallet-rise-straight-up-878x1536.webp 878w\" sizes=\"auto, (max-width: 1024px) 100vw, 1024px\" \/><\/figure>\n<\/div><\/div>\n<\/div>\n<\/div><\/div>\n\n\n\n<div class=\"wp-block-columns is-layout-flex wp-container-core-columns-is-layout-9d6595d7 wp-block-columns-is-layout-flex\">\n<div class=\"wp-block-column neve-duotone is-layout-flow wp-block-column-is-layout-flow\" style=\"padding-right:var(--wp--preset--spacing--30);padding-left:var(--wp--preset--spacing--30)\"><div class=\"wp-block-image icon-style is-style-default wp-duotone-unset-2\">\n<figure class=\"aligncenter size-full has-custom-border\"><img decoding=\"async\" src=\"https:\/\/www.cloudbanking.net\/wp-content\/themes\/neve\/assets\/img\/starter-content\/neve-marketing-icon-1.png\" alt=\"\" style=\"border-radius:0px\" title=\"\"\/><\/figure>\n<\/div>\n\n\n<div style=\"height:16px\" aria-hidden=\"true\" class=\"wp-block-spacer\"><\/div>\n\n\n\n<h3 class=\"wp-block-heading has-text-align-center has-neve-text-color-color has-text-color\"><a href=\"https:\/\/www.cloudbanking.net\/?page_id=11\" data-type=\"page\" data-id=\"11\">Kredite<\/a><\/h3>\n\n\n\n<p class=\"has-text-align-center\"><strong>P2P-Kredite<\/strong>: <br>Wie funktionieren sie? Warum sind sie eine Alternative zu Banken?<\/p>\n\n\n\n<div style=\"height:20px\" aria-hidden=\"true\" class=\"wp-block-spacer\"><\/div>\n<\/div>\n\n\n\n<div class=\"wp-block-column is-layout-flow wp-block-column-is-layout-flow\" style=\"padding-right:var(--wp--preset--spacing--30);padding-left:var(--wp--preset--spacing--30)\"><div class=\"wp-block-image icon-style is-style-default\">\n<figure class=\"aligncenter size-full has-custom-border\"><img decoding=\"async\" src=\"https:\/\/www.cloudbanking.net\/wp-content\/themes\/neve\/assets\/img\/starter-content\/neve-marketing-icon-4.1.png\" alt=\"\" style=\"border-radius:0px\" title=\"\"\/><\/figure>\n<\/div>\n\n\n<div style=\"height:16px\" aria-hidden=\"true\" class=\"wp-block-spacer\"><\/div>\n\n\n\n<h3 class=\"wp-block-heading has-text-align-center has-neve-text-color-color has-text-color\"><a href=\"https:\/\/www.cloudbanking.net\/?page_id=2\" data-type=\"page\" data-id=\"2\">Werte aufbewahren<\/a><\/h3>\n\n\n\n<p class=\"has-text-align-center\"><strong>Paper Wallets<\/strong>: <br>Warum sind sie wichtig f\u00fcr echte finanzielle Unabh\u00e4ngigkeit?<\/p>\n\n\n\n<div style=\"height:20px\" aria-hidden=\"true\" class=\"wp-block-spacer\"><\/div>\n<\/div>\n\n\n\n<div class=\"wp-block-column is-layout-flow wp-block-column-is-layout-flow\" style=\"padding-right:var(--wp--preset--spacing--30);padding-left:var(--wp--preset--spacing--30)\"><div class=\"wp-block-image icon-style is-style-default wp-duotone-unset-3\">\n<figure class=\"aligncenter size-full has-custom-border\"><img decoding=\"async\" src=\"https:\/\/www.cloudbanking.net\/wp-content\/themes\/neve\/assets\/img\/starter-content\/neve-marketing-icon-3.1.png\" alt=\"\" style=\"border-radius:0px\" title=\"\"\/><\/figure>\n<\/div>\n\n\n<div style=\"height:16px\" aria-hidden=\"true\" class=\"wp-block-spacer\"><\/div>\n\n\n\n<h3 class=\"wp-block-heading has-text-align-center has-neve-text-color-color has-text-color\"><a href=\"https:\/\/www.cloudbanking.net\/?page_id=8\" data-type=\"page\" data-id=\"8\">\u00dcberweisungen<\/a><\/h3>\n\n\n\n<p class=\"has-text-align-center\"><strong>Layer-2-Krypto-Tausch<\/strong>: <br>Warum sind schnelle, g\u00fcnstige Transaktionen ohne Banken relevant?<\/p>\n\n\n\n<div style=\"height:20px\" aria-hidden=\"true\" class=\"wp-block-spacer\"><\/div>\n<\/div>\n\n\n\n<div class=\"wp-block-column is-layout-flow wp-block-column-is-layout-flow\" style=\"padding-right:var(--wp--preset--spacing--30);padding-left:var(--wp--preset--spacing--30)\"><div class=\"wp-block-image icon-style is-style-default wp-duotone-unset-4\">\n<figure class=\"aligncenter size-full has-custom-border\"><img decoding=\"async\" src=\"https:\/\/www.cloudbanking.net\/wp-content\/themes\/neve\/assets\/img\/starter-content\/neve-marketing-icon-2.png\" alt=\"\" style=\"border-radius:0px\" title=\"\"\/><\/figure>\n<\/div>\n\n\n<div style=\"height:16px\" aria-hidden=\"true\" class=\"wp-block-spacer\"><\/div>\n\n\n\n<h3 class=\"wp-block-heading has-text-align-center has-neve-text-color-color has-text-color\"><a href=\"https:\/\/www.cloudbanking.net\/?page_id=46\" data-type=\"page\" data-id=\"46\">Krypto<\/a><\/h3>\n\n\n\n<p class=\"has-text-align-center\"><strong>Kryptow\u00e4hrungen:<\/strong> <br>Warum funktioniert dezentrales Geld besser?<\/p>\n\n\n\n<div style=\"height:20px\" aria-hidden=\"true\" class=\"wp-block-spacer\"><\/div>\n<\/div>\n<\/div>\n\n\n\n<div class=\"wp-block-cover alignfull\" style=\"min-height:300px;aspect-ratio:unset;\"><span aria-hidden=\"true\" class=\"wp-block-cover__background has-neve-link-color-background-color has-background-dim-100 has-background-dim\"><\/span><div class=\"wp-block-cover__inner-container is-layout-flow wp-block-cover-is-layout-flow\">\n<div class=\"wp-block-columns is-layout-flex wp-container-core-columns-is-layout-9d6595d7 wp-block-columns-is-layout-flex\">\n<div class=\"wp-block-column is-layout-flow wp-block-column-is-layout-flow\" style=\"flex-basis:20%\"><\/div>\n\n\n\n<div class=\"wp-block-column is-layout-flow wp-block-column-is-layout-flow\" style=\"flex-basis:60%\">\n<div class=\"wp-block-group\"><div class=\"wp-block-group__inner-container is-layout-constrained wp-block-group-is-layout-constrained\">\n<h2 class=\"wp-block-heading has-text-align-center has-nv-text-dark-bg-color has-text-color\">Let\u2019s work together on your next project<\/h2>\n\n\n\n<p class=\"has-text-align-center has-nv-text-dark-bg-color has-text-color has-link-color wp-elements-437524f22ca676384a702686ff01f285\">Lorem ipsum dolor sit amet, consectetur adipiscing elit. Ut elit tellus, luctus <br>nec ullamcorper mattis, pulvinar dapibus leo.<\/p>\n\n\n\n<div class=\"wp-block-buttons is-horizontal is-content-justification-center is-layout-flex wp-container-core-buttons-is-layout-499968f5 wp-block-buttons-is-layout-flex\">\n<div class=\"wp-block-button is-style-primary\"><a class=\"wp-block-button__link has-neve-link-color-color has-text-color has-background has-link-color wp-element-button\" href=\"https:\/\/www.cloudbanking.net\/contact\/\" style=\"background-color:#ffffff\">Get Started<\/a><\/div>\n<\/div>\n<\/div><\/div>\n<\/div>\n\n\n\n<div class=\"wp-block-column is-layout-flow wp-block-column-is-layout-flow\" style=\"flex-basis:20%\"><\/div>\n<\/div>\n<\/div><\/div>\n","protected":false},"excerpt":{"rendered":"<p>Kredite P2P-Kredite: Wie funktionieren sie? Warum sind sie eine Alternative zu Banken? Werte aufbewahren Paper Wallets: Warum sind sie wichtig f\u00fcr echte finanzielle Unabh\u00e4ngigkeit? \u00dcberweisungen Layer-2-Krypto-Tausch: Warum sind schnelle, g\u00fcnstige Transaktionen ohne Banken relevant? Krypto Kryptow\u00e4hrungen: Warum funktioniert dezentrales Geld besser?<\/p>\n","protected":false},"author":1,"featured_media":0,"parent":0,"menu_order":0,"comment_status":"closed","ping_status":"closed","template":"","meta":{"neve_meta_sidebar":"","neve_meta_container":"","neve_meta_enable_content_width":"","neve_meta_content_width":0,"neve_meta_title_alignment":"","neve_meta_author_avatar":"","neve_post_elements_order":"","neve_meta_disable_header":"","neve_meta_disable_footer":"","neve_meta_disable_title":"","footnotes":""},"class_list":["post-89","page","type-page","status-publish","hentry"],"_links":{"self":[{"href":"https:\/\/www.cloudbanking.net\/index.php?rest_route=\/wp\/v2\/pages\/89","targetHints":{"allow":["GET"]}}],"collection":[{"href":"https:\/\/www.cloudbanking.net\/index.php?rest_route=\/wp\/v2\/pages"}],"about":[{"href":"https:\/\/www.cloudbanking.net\/index.php?rest_route=\/wp\/v2\/types\/page"}],"author":[{"embeddable":true,"href":"https:\/\/www.cloudbanking.net\/index.php?rest_route=\/wp\/v2\/users\/1"}],"replies":[{"embeddable":true,"href":"https:\/\/www.cloudbanking.net\/index.php?rest_route=%2Fwp%2Fv2%2Fcomments&post=89"}],"version-history":[{"count":2,"href":"https:\/\/www.cloudbanking.net\/index.php?rest_route=\/wp\/v2\/pages\/89\/revisions"}],"predecessor-version":[{"id":102,"href":"https:\/\/www.cloudbanking.net\/index.php?rest_route=\/wp\/v2\/pages\/89\/revisions\/102"}],"wp:attachment":[{"href":"https:\/\/www.cloudbanking.net\/index.php?rest_route=%2Fwp%2Fv2%2Fmedia&parent=89"}],"curies":[{"name":"wp","href":"https:\/\/api.w.org\/{rel}","templated":true}]}}